at is the remainder when 28 is divided by (-6)/((-2)/d)*5?
13
What is the remainder when 97 is divided by (2 + -1)/((-4)/(-132))?
31
Let g(w) = -w**2 - 8*w - 5. Suppose -2*k = 5*u - 3*k - 132, -3*k = -5*u + 126. What is the remainder when u is divided by g(-5)?
7
Let c = -12 + 21. Let f = 20 - 14. Suppose 0 = 5*p - o - 90, -p - 5*o - 110 = -f*p. What is the remainder when p is divided by c?
8
Let k(t) = t**2 + 3*t + 11. Let x(a) = 13*a**3 - a**2 + 2*a - 1. Calculate the remainder when k(5) is divided by x(1).
12
Let n(t) = -t**2 + 13*t - 12. What is the remainder when 88 is divided by n(10)?
16
Suppose 0 = -2*x + 3*t + 22, 2*t = -4*x - 2*t + 4. Suppose -x*s = -s - 132. What is the remainder when s is divided by 18?
15
Let z(x) = x**3 + 5*x**2 - 6*x + 5. Let f be z(-6). Suppose -3*v + 126 = f*s, 2*s = -0*s - v + 50. What is the remainder when 70 is divided by s?
22
Let n(v) be the third derivative of v**2 + 0*v + 0 + 1/12*v**4 + 1/6*v**3. Calculate the remainder when 19 is divided by n(5).
8
Let c(p) = p + 14. Let o be c(-10). What is the remainder when (570/(-45))/(o/(-6)) is divided by 7?
5
Suppose c - 273 = -4*m + 2*c, 2*c = 5*m - 345. Calculate the remainder when m is divided by 35.
32
Let p be 4/3*33*1. Suppose -4*x + 4 + p = 0. Suppose 0 = 5*l + 2*t - 181, -2*l + 5*t = -22 - 33. Calculate the remainder when l is divided by x.
11
Suppose -5*u = 5*l - 90, -3*u + 31 - 9 = l. What is the remainder when 62 is divided by l?
14
Suppose 78 = 2*s + 4*k - 26, -5*s + k = -304. What is the remainder when 1/2 - s/(-8) is divided by 5?
3
Suppose q - 3*x - 13 - 9 = 0, 0 = 3*q - x - 26. What is the remainder when q is divided by 2?
1
Calculate the remainder when 392/6 + 1/(-3) is divided by (-12)/27*-49 + (-2)/(-9).
21
Let t = -124 - -211. Suppose -5*z - 12 + t = 0. What is the remainder when z is divided by 9?
6
Let q(n) = -24*n - 7. Let z be q(-3). Let o = z + -36. What is the remainder when o is divided by 8?
5
What is the remainder when 48 is divided by 2/3 - 219/(-9)?
23
Let k(g) = -g + 1. Let p be k(-1). What is the remainder when 13 is divided by (p/4)/(8/80)?
3
Let j(g) = -g + 6. Let z be 3/2*(-80)/(-30). What is the remainder when 3 is divided by j(z)?
1
Let v(h) be the second derivative of 17*h**4/12 - h**3/3 + h**2/2 + 2*h. Calculate the remainder when 46 is divided by v(1).
14
Let w be 20/6 + 5/(-15). Suppose w*l = 2 + 19. Calculate the remainder when 20 is divided by l.
6
Let a = 1 - -15. Let l = 1 - -8. Calculate the remainder when a is divided by l.
7
Let y(l) = l**3 + 4*l**2 + l + 3. Let n be y(-4). Let c = n - -3. Calculate the remainder when c is divided by 1.
0
Suppose -4*c + 32 = -0. What is the remainder when 14 is divided by c?
6
Let q(u) = -u**3 - 10*u**2 + 4. Let h be q(-10). Suppose 24 = 3*m - 5*k, -h*m + 0*m + 61 = 3*k. Calculate the remainder when 25 is divided by m.
12
Let o = 3 + 19. What is the remainder when 131 is divided by o?
21
Let q(a) = a**2 - a - 2. Let k be q(2). Suppose -144 = -k*r - 2*r. Suppose r = 3*x + x. Calculate the remainder when x is divided by 10.
8
Let w(v) = v**2 - 7 + 4*v - 3*v - 2*v. Let a(b) = -b + 2. Calculate the remainder when w(5) is divided by a(-5).
6
Let a(m) = 21*m**2 - 3*m - 2. Let v = 7 - 8. Calculate the remainder when 87 is divided by a(v).
21
What is the remainder when ((-107)/3)/((-2)/6) is divided by 12?
11
Suppose 5*t + 5*v + 42 - 172 = 0, 4*v = -t + 41. Calculate the remainder when t is divided by (-9)/(-6)*(1 + 7).
9
Suppose -50 = -2*o - 3*o - 4*j, -3*o + j = -30. Calculate the remainder when 28 is divided by o.
8
Suppose 3*u - 15 = 2*h + 1, -3*u + 17 = -h. Let q(y) = 2*y - 9. Calculate the remainder when q(10) is divided by u.
5
Let k = -8 + 5. Let g be -1 - 1/(1/k). Suppose 2*v + 2*b - 20 = 0, 9 = -3*v + 4*v + g*b. Calculate the remainder when 21 is divided by v.
10
Calculate the remainder when 2/34*-2 + (-22110)/(-374) is divided by 15.
14
Suppose -2*t = -3*t. Let a(o) = o - 23. Let k(z) = 1. Let d(l) = -a(l) - 6*k(l). What is the remainder when d(t) is divided by 9?
8
Let d(v) = -2*v - 4. Suppose 3 = 5*s - 4*s. Calculate the remainder when d(-5) is divided by s.
0
Suppose -w = -4*m + 21, 2*m + 0*w - 15 = 5*w. Suppose -7 = m*b - 247. Calculate the remainder when b is divided by 25.
23
Suppose 5*b - 45 = 5*o, 6 = -5*b - 5*o + 21. Let c(p) = 3*p + p**2 - 3 - 5*p - 2. What is the remainder when c(5) is divided by b?
4
Let o be 2*-1 - (-3 - 3). Calculate the remainder when (-98)/(-4) - (-2)/o is divided by 11/1 - (1 - -1).
7
Let p(r) = -r**2 - 28*r + 70. What is the remainder when 16 is divided by p(-30)?
6
Let t = 156 - 96. Let h(g) = -3*g + 21. Calculate the remainder when t is divided by h(0).
18
Let s(n) = n**2 - 11*n - 6. Let p = -7 - -3. What is the remainder when (-4)/(-8) + (-90)/p is divided by s(12)?
5
Let f(m) = -m**3 - 5*m**2 + 6*m + 4. Let g = -19 + 13. Let n be f(g). What is the remainder when 21/n + 6/8 is divided by 4?
2
Suppose 5*l = 4*l + 19. Calculate the remainder when l is divided by 10.
9
Suppose -3*f + 6*f - 88 = -4*k, -2*k + 42 = 2*f. Calculate the remainder when k is divided by 14.
11
Let x = 100 - 94. What is the remainder when x is divided by 4?
2
Calculate the remainder when 17 is divided by (-15)/10 + 23/2.
7
Let a(q) = -q - 12. Let s be a(14). Let j = s + 37. Calculate the remainder when j is divided by 3.
2
Let j(t) be the first derivative of -t**4/4 + 2*t**3/3 - 3*t**2/2 - 4*t - 3. What is the remainder when j(-3) is divided by 13?
11
Calculate the remainder when (2 - 24)*(-28)/8 is divided by 20.
17
Calculate the remainder when (-20)/(-2*(-2)/(-22)) is divided by 28.
26
Let j = 4 - 0. Suppose -100 = -2*v - 3*v + 5*s, j*v - 84 = 5*s. Let r = v - 4. Calculate the remainder when 46 is divided by r.
10
Let d be 22/8 - 2/(-8). Suppose -d*j - 18 = -102. What is the remainder when j is divided by 10?
8
Suppose -2*p - 6 - 8 = -l, 5*p + 2 = -3*l. What is the remainder when 9 is divided by l?
3
Let w(s) = -10*s + 39. Calculate the remainder when w(-10) is divided by 28.
27
Let n(r) be the second derivative of r**3/3 - 2*r. Calculate the remainder when n(4) is divided by (-2)/(-6) - (-14)/3.
3
Suppose -5*l = -n - 29, -4*n + l - 74 = 2*l. Let c = n + 39. What is the remainder when c is divided by 7?
6
Let j = 18 + -8. Calculate the remainder when ((-2)/(-5))/(2/90) is divided by j.
8
Let j = 113 + -30. Calculate the remainder when j is divided by 30.
23
Suppose -2*z + 3*z = 12. Suppose 3*h + h + 2*y - 30 = 0, -h = -4*y - z. Suppose -16 = -4*r, -3*x - 5*r = -6 - 29. What is the remainder when h is divided by x?
3
Let g = 9 - 0. What is the remainder when g is divided by 4?
1
Let m = -1 - 0. Let k be (m + -5)*14/(-21). Suppose 192 = 4*l - k*s, -4*s = 2*l - s - 81. What is the remainder when l is divided by 12?
9
Let y = -8 - -21. Let v(k) = k**3 - 5*k**2 + 2*k + 7. Let a be v(6). Let m = -30 + a. Calculate the remainder when m is divided by y.
12
Suppose 0 = 2*w + 444 - 1606. What is the remainder when 48 is divided by w/35 + (-4)/(-10)?
14
Suppose 4*k - 126 = k. Calculate the remainder when k is divided by 2/(-4) + (-184)/(-16).
9
Let v = -6 + 22. Let q = 21 + 9. What is the remainder when q is divided by v?
14
Let k = -13 + 24. What is the remainder when k is divided by 4?
3
Let v = 91 - 76. What is the remainder when 67 is divided by v?
7
Let f = 91 - 33. Calculate the remainder when f is divided by 2/(-6) - (-138)/9.
13
Let u = 38 + -6. Calculate the remainder when u is divided by 11.
10
Let v(y) = y**2 + y + 21*y**2 + 14*y**2 - 3*y + 1. Calculate the remainder when v(1) is divided by (2/(-5))/(2/(-60)).
11
Let m = -22 + -27. Let c be (-1337)/m + 4/(-14). Suppose 0 = 2*o - 15 - c. Calculate the remainder when 61 is divided by o.
19
Suppose -7*v + 38 = -95. What is the remainder when v is divided by 8?
3
Let y(f) = f**3 - 11*f**2 + 12*f - 3. Let h(x) = -3*x**3 + 32*x**2 - 35*x + 10. Let b(k) = 3*h(k) + 8*y(k). What is the remainder when 94 is divided by b(6)?
22
Let l(r) = r**3 + 6*r**2 + 2. Let p(j) = -j**2 + 5*j + 2. Suppose 3*a - a = -m - 3, -4*m + 4 = 4*a. Calculate the remainder when p(m) is divided by l(-6).
0
Let b = 14 + -36. Let j = b + 53. What is the remainder when j is divided by 11?
9
Let l = 18 + -16. Suppose 0 = 4*i + 2 - 10. Suppose 28 = l*s